of 13?
True
Does 5 divide 2652257?
False
Does 44 divide 240099?
False
Is 151439 a multiple of 158?
False
Is 2305596 a multiple of 99?
False
Is 2820281 a multiple of 32?
False
Is 17 a factor of 629714?
True
Does 47 divide 3463690?
False
Does 112 divide 1934912?
True
Does 105 divide 188160?
True
Is 3643875 a multiple of 615?
True
Is 9 a factor of 107856?
True
Is 12 a factor of 14704?
False
Is 37 a factor of 1666110?
True
Is 14 a factor of 301518?
True
Does 34 divide 490988?
False
Does 1788 divide 11573724?
True
Does 101 divide 528137?
False
Is 58779 a multiple of 27?
True
Does 42 divide 23486?
False
Is 41936 a multiple of 3?
False
Is 4455610 a multiple of 995?
True
Does 43 divide 102727?
True
Is 45926 a multiple of 5?
False
Is 184938 a multiple of 58?
False
Is 585 a factor of 2566395?
True
Is 205 a factor of 239440?
True
Does 27 divide 66258?
True
Is 320639 a multiple of 103?
True
Is 14380732 a multiple of 74?
False
Is 2552298 a multiple of 469?
True
Does 14 divide 305?
False
Is 5070233 a multiple of 959?
True
Is 533 a factor of 256373?
True
Is 1940995 a multiple of 249?
False
Is 1109661 a multiple of 53?
True
Is 70 a factor of 543008?
False
Is 118 a factor of 70564?
True
Is 30 a factor of 5330?
False
Is 12 a factor of 35102726?
False
Does 36 divide 319560?
False
Is 83 a factor of 929060?
False
Is 388291 a multiple of 624?
False
Does 165 divide 242141?
False
Is 799050 a multiple of 5?
True
Does 3 divide 1835125?
False
Is 149239 a multiple of 7?
False
Is 34 a factor of 222136?
False
Is 9362322 a multiple of 30?
False
Is 31 a factor of 128888?
False
Does 527 divide 1506931?
False
Is 6 a factor of 84389?
False
Does 10 divide 121830?
True
Is 6 a factor of 1104720?
True
Does 179 divide 299357?
False
Is 8 a factor of 36983?
False
Is 4363815 a multiple of 146?
False
Is 46 a factor of 5288?
False
Does 4 divide 25272?
True
Does 56 divide 562576?
True
Is 134 a factor of 141524?
False
Does 152 divide 5643760?
True
Does 108 divide 3102084?
True
Is 32 a factor of 1029088?
True
Is 205 a factor of 69841?
False
Is 1745112 a multiple of 817?
True
Does 66 divide 24052140?
False
Is 552161 a multiple of 117?
False
Is 25 a factor of 5100?
True
Does 15 divide 7440?
True
Is 1703 a factor of 7717510?
False
Is 6 a factor of 5980243?
False
Is 1161 a multiple of 5?
False
Is 8 a factor of 291118?
False
Does 39 divide 23905635?
True
Is 22 a factor of 3569984?
True
Does 7 divide 16550027?
False
Does 13 divide 950354?
False
Is 6545994 a multiple of 399?
True
Is 6 a factor of 3715956?
True
Is 44548 a multiple of 14?
True
Is 500373 a multiple of 9?
True
Is 8 a factor of 162757?
False
Does 30 divide 302939?
False
Is 183 a factor of 85095?
True
Is 451 a factor of 2228391?
True
Does 338 divide 2106078?
True
Is 19919258 a multiple of 38?
True
Does 106 divide 4197706?
True
Does 17 divide 4575992?
True
Is 19960941 a multiple of 17?
True
Is 795731 a multiple of 227?
False
Is 156 a factor of 1147049?
False
Is 173595 a multiple of 18?
False
Is 88060 a multiple of 37?
True
Does 41 divide 1453456?
False
Is 8 a factor of 487864?
True
Does 25 divide 4135350?
True
Is 347214 a multiple of 98?
True
Does 82 divide 259202?
True
Does 101 divide 1045249?
True
Is 6 a factor of 3100587?
False
Does 82 divide 5623970?
True
Is 51 a factor of 739245?
True
Is 7 a factor of 187390?
True
Is 54808 a multiple of 31?
True
Is 197 a factor of 2981004?
True
Is 81320 a multiple of 20?
True
Is 38 a factor of 235081?
False
Is 79 a factor of 144254?
True
Is 65 a factor of 1030403?
False
Is 20955640 a multiple of 49?
False
Is 4242641 a multiple of 28?
False
Is 68 a factor of 115532?
True
Is 5644 a multiple of 18?
False
Is 177096 a multiple of 6?
True
Is 236 a factor of 381376?
True
Is 11 a factor of 4565?
True
Is 429150 a multiple of 11?
False
Is 13 a factor of 188292?
True
Does 255 divide 959376?
False
Is 24 a factor of 3027406?
False
Is 544540 a multiple of 32?
False
Is 197635 a multiple of 26?
False
Is 372505 a multiple of 7?
True
Is 13 a factor of 721926?
False
Is 9042 a multiple of 6?
True
Does 10 divide 635470?
True
Does 21 divide 270093?
False
Is 23 a factor of 966810?
False
Is 13 a factor of 1459419?
True
Does 28 divide 294588?
True
Is 392089 a multiple of 637?
False
Does 113 divide 57395?
False
Is 8 a factor of 281281?
False
Is 31 a factor of 10968122?
False
Is 18852 a multiple of 6?
True
Is 7 a factor of 368950?
False
Does 312 divide 896043?
False
Is 64 a factor of 1062976?
True
Is 423 a factor of 1476375?
False
Is 924408 a multiple of 694?
True
Does 69 divide 58650?
True
Does 257 divide 14309?
False
Does 28 divide 1055574?
False
Does 6 divide 20134?
False
Is 369 a factor of 13780120?
False
Does 72 divide 313900?
False
Does 277 divide 19460370?
False
Is 114 a factor of 2184810?
True
Is 11 a factor of 860178?
True
Does 43 divide 1238793?
False
Is 2343666 a multiple of 77?
False
Does 109 divide 302389?
False
Does 5 divide 25541?
False
Is 502911 a multiple of 171?
True
Is 12 a factor of 255830?
False
Is 163 a factor of 601594?
False
Is 7 a factor of 161060?
False
Is 458236 a multiple of 10?
False
Is 112 a factor of 182283?
False
Is 552 a factor of 4941504?
True
Is 57079 a multiple of 28?
False
Is 12 a factor of 14780924?
False
Is 279 a factor of 6589701?
True
Does 172 divide 7115296?
True
Is 111117 a multiple of 50?
False
Is 4102525 a multiple of 245?
True
Is 44743 a multiple of 443?
True
Is 18 a factor of 49146?
False
Does 7 divide 177202?
False
Is 64 a factor of 65238?
False
Is 75920 a multiple of 38?
False
Does 377 divide 26767?
True
Is 9 a factor of 13424949?
True
Is 310 a factor of 58810?
False
Is 4010764 a multiple of 239?
False
Is 7472 a multiple of 16?
True
Is 1202533 a multiple of 8?
False
Does 66 divide 58563?
False
Does 38 divide 487618?
False
Is 21 a factor of 19190919?
False
Is 909468 a multiple of 378?
True
Is 8 a factor of 85250?
False
Is 1363775 a multiple of 25?
True
Is 182570 a multiple of 16?
False
Does 8 divide 351912?
True
Is 506967 a multiple of 347?
True
Is 12 a factor of 1848523?
False
Is 48 a factor of 173131?
False
Is 21 a factor of 59934?
True
Is 34 a factor of 383310?
False
Is 138 a factor of 16217?
False
Is 3527792 a multiple of 2?
True
Is 4 a factor of 409823?
False
Is 24 a factor of 1234656?
True
Does 346 divide 247705?
False
Is 653 a factor of 665047?
False
Is 294 a factor of 1149540?
True
Does 81 divide 257308?
False
Is 55 a factor of 1891775?
False
Does 86 divide 8244069?
False
Does 30 divide 305220?
True
Is 178 a factor of 696156?
False
Is 5444768 a multiple of 16?
True
Does 11 divide 212762?
True
Is 52 a factor of 206835?
False
Is 173229 a multiple of 20?
False
Is 945828 a multiple of 141?
True
Does 1114 divide 1926106?
True
Is 1234548 a multiple of 322?
True
Does 28 divide 295890?
False
Is 753 a factor of 16487688?
True
Is 94153 a multiple of 52?
False
Does 16 divide 402832?
True
Does 7 divide 140654?
False
Is 2429476 a multiple of 10?
False
Is 159 a factor of 5078399?
False
Does 79 divide 87374?
True
Is 1226232 a multiple of 28?
True
Is 382 a factor of 437456?
False
Is 173736 a multiple of 1143?
True
Is 706225 a multiple of 25?
True
Is 238 a factor of 1463700?
True
Is 2883074 a multiple of 311?
False
Is 301864 a multiple of 56?
False
Does 257 divide 26728?
True
Is 14 a factor of 3412150?
True
Does 96 divide 100202?
False
Is 3475279 a multiple of 27?
False
Is 4 a factor of 658292?
True
Is 3594859 a multiple of 71?
False
Does 161 divide 87954?
False
Is 73872 a multiple of 3?
True
Does 15 divide 155967?
False
Does 82 divide 205879?
False
Does 225 divide 14680?
False
Is 1036 a factor of 11488496?
False
Is 32239858 a multiple of 2128?
False
Is 628491 a multiple of 3?
True
Does 7 divide 146185?
False
Is 2562867 a multiple of 16?
False
Is 56 a factor of 4438196?
False
Is 75156 a multiple of 5?
False
Is 842473 a multiple of 47?
False
Does 177 divide 7395591?
True
Is 34 a factor of 6845?
False
Is 32 a factor of 246312?
False
Is 273210 a multiple of 35?
True
Is 209 a factor of 1305623?
True
Does 302 divide 138466?
False
Does 18 divide 898177?
False
Is 10816580 a multiple of 185?
True
Is 33 a factor of 228030?
True
Does 635 divide 1496060?
True
Is 6167070 a multiple of 126?
True
Is 352178 a multiple of 218?
False
Is 180511 a multiple of 32?
False
Is 15 a factor of 130590?
True
D